atest common factor of 20 and 10955380?
20
Calculate the greatest common factor of 78 and 7313319.
39
What is the highest common factor of 58 and 1103540306?
58
What is the highest common divisor of 63 and 19095909?
21
What is the greatest common factor of 2487648 and 140?
4
Calculate the greatest common factor of 130 and 2858934.
26
Calculate the highest common divisor of 1822717 and 2823.
941
Calculate the greatest common divisor of 1531 and 547291163.
1531
What is the greatest common factor of 221571488 and 18592?
2656
Calculate the greatest common factor of 187840 and 175680.
320
Calculate the highest common divisor of 1462 and 615910.
34
Calculate the greatest common divisor of 763763 and 118482.
637
Calculate the greatest common factor of 1070223312 and 48.
48
What is the highest common factor of 399420 and 4200?
420
What is the highest common divisor of 184 and 3664498?
46
Calculate the highest common factor of 120343425 and 10.
5
Calculate the highest common divisor of 1 and 28843.
1
What is the greatest common factor of 213613818 and 734?
734
Calculate the highest common factor of 235779141 and 1794.
897
What is the greatest common divisor of 28 and 741973316?
28
What is the highest common factor of 323833928 and 4246?
4246
Calculate the greatest common divisor of 598 and 59012434.
598
What is the highest common divisor of 11088245 and 738?
41
What is the greatest common divisor of 653254 and 145?
29
Calculate the highest common divisor of 48 and 5024004.
12
What is the highest common factor of 1404806 and 49?
1
Calculate the highest common divisor of 4693777 and 891.
11
Calculate the greatest common divisor of 49782224 and 272.
16
Calculate the greatest common divisor of 572 and 3367208.
52
Calculate the greatest common factor of 226957 and 245611.
3109
What is the greatest common divisor of 334479240 and 337?
337
Calculate the highest common factor of 293745 and 1515.
15
Calculate the highest common factor of 56034612 and 108.
108
What is the greatest common divisor of 632 and 12342723?
79
Calculate the highest common factor of 495 and 73094263.
11
What is the highest common divisor of 1057 and 30172669?
151
Calculate the highest common divisor of 22183210 and 3710.
70
What is the greatest common divisor of 3518472 and 10?
2
Calculate the greatest common divisor of 164515702 and 26.
26
What is the greatest common factor of 16 and 1781521184?
16
What is the highest common divisor of 929622525 and 5165?
5165
Calculate the highest common divisor of 32 and 11385952.
32
What is the highest common divisor of 19479791 and 22025?
881
Calculate the greatest common factor of 37925 and 14781648.
1517
What is the greatest common factor of 998366 and 7?
1
Calculate the greatest common factor of 639 and 923078313.
639
What is the highest common divisor of 42773346 and 17496?
4374
Calculate the highest common divisor of 1483693183 and 2807.
2807
What is the highest common divisor of 8045610 and 29840?
3730
Calculate the highest common divisor of 80430 and 22470.
210
Calculate the greatest common factor of 3330798 and 1896.
474
What is the greatest common divisor of 1424 and 21421504?
16
What is the greatest common divisor of 30 and 1739928?
6
Calculate the highest common divisor of 1189 and 161356.
29
Calculate the highest common divisor of 108791483 and 7412.
1853
What is the greatest common factor of 96220 and 39340?
20
Calculate the highest common divisor of 1450 and 1048466.
58
Calculate the highest common factor of 7213372 and 49538.
1598
Calculate the greatest common divisor of 528254006 and 28.
14
What is the highest common factor of 14152113 and 583?
53
Calculate the highest common factor of 32813077 and 7480.
187
What is the highest common factor of 105198 and 4790514?
534
Calculate the highest common factor of 46974774 and 238.
238
What is the greatest common divisor of 1464782 and 22?
22
Calculate the greatest common factor of 4845 and 15457811.
323
What is the highest common factor of 21346 and 66105?
13
Calculate the highest common divisor of 572649 and 60236.
407
Calculate the highest common factor of 635334345 and 45.
45
Calculate the greatest common factor of 11194435 and 454895.
1435
What is the greatest common divisor of 4686 and 7090226?
22
What is the greatest common divisor of 114748947 and 27?
27
Calculate the greatest common divisor of 120 and 26479140.
60
Calculate the greatest common factor of 339389731 and 283.
283
Calculate the highest common divisor of 145 and 1094965.
5
What is the highest common divisor of 3991 and 381797?
13
Calculate the highest common divisor of 298376 and 867797.
151
Calculate the greatest common divisor of 33 and 35328392.
11
Calculate the highest common factor of 1688 and 1128432.
8
What is the highest common factor of 3969 and 348462?
81
Calculate the highest common factor of 3192 and 4067976.
456
What is the highest common factor of 79376 and 148?
4
Calculate the highest common divisor of 1581260 and 280.
20
Calculate the highest common factor of 27 and 2452248.
27
Calculate the highest common factor of 6 and 6591198.
6
Calculate the greatest common divisor of 3155536 and 1000.
8
Calculate the greatest common divisor of 549 and 28296.
9
Calculate the greatest common divisor of 12309766 and 630.
14
Calculate the highest common divisor of 5586 and 1743174.
114
Calculate the highest common factor of 84632 and 737848.
1192
What is the highest common divisor of 163374 and 3851598?
2238
What is the highest common factor of 2710 and 317263765?
1355
Calculate the highest common divisor of 656 and 825480880.
656
What is the highest common factor of 683536 and 493?
17
What is the highest common divisor of 538545 and 278973?
669
Calculate the highest common factor of 25718 and 43106.
14
What is the highest common factor of 31869336 and 912?
24
What is the greatest common divisor of 508434 and 2991216?
606
What is the greatest common divisor of 121413560 and 16?
8
Calculate the greatest common factor of 1419596 and 68340.
268
What is the highest common factor of 623714 and 1242?
46
What is the highest common divisor of 22287 and 6516981?
1311
Calculate the highest common factor of 31631152 and 333158.
6286
Calculate the highest common divisor of 8577088 and 2048.
64
What is the greatest common factor of 22819 and 44895782?
1201
What is the highest common factor of 428600 and 3400?
200
What is the highest common divisor of 10076 and 715132?
44
What is the highest common factor of 25868 and 32388520?
892
What is the highest common factor of 190629556 and 208?
52
What is the greatest common divisor of 1457 and 1542343?
31
Calculate the greatest common factor of 1498 and 125022331.
749
Calculate the greatest common divisor of 102238 and 16387762.
3298
Calculate the highest common factor of 16 and 15436688.
16
What is the highest common factor of 560 and 800912?
112
Calculate the highest common factor of 33876 and 2706316.
3764
Calculate the greatest common factor of 290175 and 3038225.
1325
What is the highest common divisor of 69 and 26327111?
23
Calculate the greatest common factor of 1323 and 115300332.
441
Calculate the greatest common divisor of 1388237237 and 4006.
2003
Calculate the highest common factor of 90133 and 245833.
173
Calculate the greatest common factor of 4450 and 9000.
50
What is the highest common factor of 605 and 396224785?
605
What is the greatest common factor of 135 and 42303375?
45
What is the highest common divisor of 8791025 and 220825?
1825
Calculate the highest common divisor of 1272 and 6494196.
636
What is the highest common divisor of 7 and 328788971?
7
What is the highest common divisor of 91291089 and 4377?
4377
What is the greatest common factor of 17768124 and 7260?
1452
Calculate the highest common divisor of 49896 and 574056.
504
Calculate the highest common factor of 547726973 and 24621.
8207
What is the greatest common divisor of 167 and 30278770?
167
What is the highest common divisor of 371733172 and 14748?
4916
Calculate the highest common factor of 111559701 and 1398.
699
What is the greatest common factor of 105909 and 17243?
43
What is the highest common factor of 30 and 267605580?
30
What is the greatest common factor of 229279 and 833?
17
What is the gre